e prime factors of m(24)?
2, 13, 17
Let g(z) = -z**3 + 7*z**2 + 3. Let w be g(7). Let c = 6 - w. Suppose -c*h + 129 = 6. List the prime factors of h.
41
Suppose 2*b + x - 430 = 5*x, 4*b + x = 869. List the prime factors of (-16)/128 - b/(-8).
3
Suppose 4*c + 32 = 3*v, 5*v + 2*c + 9 - 45 = 0. Suppose -z + v = z. Suppose 0 = z*w - 2*x - 54, 4 = -2*x - 2*x. What are the prime factors of w?
13
Let t be -2*3*(-7)/21. Let x(s) = 61 - 61 - s + 5*s**3. List the prime factors of x(t).
2, 19
Suppose 3*o + 4 = o, 3*o = -2*f + 510. List the prime factors of f.
2, 3, 43
Suppose -3*p - 8 = 4*a, 2*p = -2*a - 0 - 8. Let t = p + 10. Suppose t*r + 0*j = 5*j + 31, -2*j = 10. What are the prime factors of r?
3
Suppose c - 964 = -3*c. Suppose -c = -4*i + 59. Suppose -j - i = -5*n, -j = -2*n + 2*j + 43. What are the prime factors of n?
2, 7
Suppose z + 6 = -0*z. What are the prime factors of 20 + (4 - 0) + z?
2, 3
Suppose 4*o + 3*p = 1863, -o + 276 + 211 = 5*p. Suppose o = 5*r - 3. List the prime factors of r.
3, 31
Suppose 61468 = 16*d + 15372. What are the prime factors of d?
43, 67
Let d = -780 + 1271. What are the prime factors of d?
491
List the prime factors of 520/390 + 6242/3.
2, 3, 347
Let b(k) be the third derivative of 5/2*k**3 - 1/5*k**5 + 0 + 1/120*k**6 + 0*k + 1/2*k**4 + 3*k**2. List the prime factors of b(11).
2, 13
Let y(g) be the second derivative of -g**5/20 - 5*g**4/12 + 2*g**3/3 - 4*g**2 - 2*g. Let v be y(-7). Suppose -v = -3*p + 16. List the prime factors of p.
2, 13
Let k be (1 + -4 + 4)*-11. Let w = k - -12. List the prime factors of (-6)/(2/w) - -21.
2, 3
Let s = 5142 - 3268. What are the prime factors of s?
2, 937
Suppose -5*f + 3*f = -4. Let q(d) = 17*d - 2. Let j be q(f). Suppose -j = -r - 9. What are the prime factors of r?
23
Let u(r) be the first derivative of 38*r**3/3 + 3*r**2 + 9*r - 18. What are the prime factors of u(-2)?
149
Let o be 35/(-14)*(-186)/5. Suppose 0 = 2*r - 1 - o. What are the prime factors of r?
47
Let b(v) = 51*v**3 - v**2 - 3*v + 4. What are the prime factors of b(2)?
2, 3, 67
Suppose -p + 3 + 9 = 0. List the prime factors of (15/9)/(2/p).
2, 5
Let x(v) = 254*v**2 - 7*v - 6. List the prime factors of x(-1).
3, 5, 17
Let c be (-4 + 10/3)*-12. Suppose 0 = -2*w + c - 0. Suppose 15 = 5*b, -90 = -w*o - 2*b - 0*b. What are the prime factors of o?
3, 7
Let g = 126 + 170. What are the prime factors of g?
2, 37
Let c(r) = 4*r. Let a = 6 + -1. Let f be c(a). List the prime factors of 2/(-5) - (-808)/f.
2, 5
Suppose -4218 = -2*w + 2*y, 3*w + 4*y + 2307 = 8662. What are the prime factors of w?
2113
Let k(q) = 8 + q - 19 - 5*q - 5*q. What are the prime factors of k(-11)?
2, 11
Suppose 0 = 5*k + 5*w - 3075, 3*k - 10*w = -12*w + 1841. List the prime factors of k.
13, 47
Let k(f) = f - 7. Let b be k(3). Let r be -295*(7 + b + -4). Suppose n + 2*w - 47 = 0, 5*n - r = -w + 3*w. List the prime factors of n.
3, 19
Let l(j) be the third derivative of 7*j**5/30 - j**3/6 + 6*j**2. Let z be l(-1). What are the prime factors of z + 1/((-4)/12)?
2, 5
Let o = 694 + 445. List the prime factors of o.
17, 67
Suppose 2*t = q - 2246, 2*t + 6738 = -q + 4*q. List the prime factors of q.
2, 1123
Let g = -3815 - -6145. What are the prime factors of g?
2, 5, 233
Suppose 0 = 4*w - 0*w - 8. Let n(m) = 2*m + 4*m**w + 4 + m**3 - 10*m**2 + 0*m**3. What are the prime factors of n(6)?
2
Suppose 18*c - 10993 = 51035. List the prime factors of c.
2, 1723
Suppose 0 = 20*o - 28093 + 10013. List the prime factors of o.
2, 113
Let x(h) = -h**3 - 6*h**2 + h + 8. Suppose 0 = -3*c - 14 - 4. Let f be x(c). Suppose f*t = 7*t - 75. List the prime factors of t.
3, 5
Let l(n) = -1539*n - 28. List the prime factors of l(-1).
1511
Suppose -x + 12 = x. Suppose -x*b = -b - 255. What are the prime factors of b?
3, 17
Let g(t) = -3*t**3 + 8*t**2 - 12*t + 2*t**3 + 15 + 4*t**2. Let n be g(11). Suppose -5*j + n*v = -113, -2*j - 2*v + 59 = v. List the prime factors of j.
5
Suppose 19*t - 2 = 17*t. List the prime factors of (7 - 4/t) + 44.
47
Let y(c) = 33*c + 2. Let s be y(3). Let v = 56 - s. List the prime factors of (-1)/2 - v/18.
2
Let c(i) = i + 11. Let v be c(-5). Suppose 0 = -v*u + u - 60. List the prime factors of (-96)/(-7) - u/42.
2, 7
Let n = 51 - 23. List the prime factors of 3*20/3*126/n.
2, 3, 5
Suppose y + 3*o + 11 = 2*y, 3*y + 3*o = -3. Suppose a + a = -y. List the prime factors of (a*1)/(14/(-938)).
67
Suppose -c = -d - 1, 4*d - 2*d - 19 = -5*c. Suppose -3*p - 6 = 0, -c*t - 5*p - 10 = -168. What are the prime factors of t?
2, 7
Let o = 145 - -213. List the prime factors of o.
2, 179
Let w(h) = -30*h - 220. What are the prime factors of w(-34)?
2, 5
Let g(n) be the first derivative of n**4/2 - n**3/3 - n**2 + 3*n - 5. Let y(c) = 3*c - 3. Let o be y(2). What are the prime factors of g(o)?
2, 3, 7
Let c be (-1)/2*(11 + -23). Suppose 3*y + c*y - 63 = 0. What are the prime factors of y?
7
Let y(s) = s**2 - 8*s - 56. List the prime factors of y(-12).
2, 23
Let t be 8/3 + (-1)/(-3). Suppose -33 = t*v - 162. Let p = -17 + v. What are the prime factors of p?
2, 13
Let m = -13 - -15. Suppose -m*g = -7*g + 25. Suppose 3*i + 3*a - 114 = 0, -g*i + 53 + 127 = -5*a. What are the prime factors of i?
37
Let q(w) = -w**3 - 5*w**2 + 3*w + 12. Let r be q(-5). What are the prime factors of (r - 345)*(-7)/21?
2, 29
Let o be (-10)/(-7) - (-20)/35. Suppose 0 = -o*g + 10, i + 4*g = 3*g + 11. Suppose 0 = -j + i*j - 60. What are the prime factors of j?
2, 3
Suppose o = -8*o + 36. Suppose o*k - 65 = 91. List the prime factors of k.
3, 13
Let o be 188/(-20)*-34 - (-2)/5. What are the prime factors of (3/24*4)/(2/o)?
2, 5
Let s(b) = -7*b + b**3 + 8 - 28*b**2 - 28*b**2 + 49*b**2. Let d(n) = n**2 + n + 2. Let l be d(-3). List the prime factors of s(l).
2
Suppose -20*l - 1792 = -12*l. Let b = -116 - l. List the prime factors of b.
2, 3
Let c(o) = 10*o - 1. Let s(n) = 11*n - 1. Let d(u) = 5*c(u) - 4*s(u). Suppose -6 + 36 = 6*a. List the prime factors of d(a).
29
Suppose -6*n + 9 = -33. Suppose n*c = 3*c + 4*v + 44, 4*c = -2*v + 38. Suppose 0*w = w - 4*t + c, -t + 25 = 2*w. What are the prime factors of w?
2, 5
Suppose 18*k - 2995 = 20207. List the prime factors of k.
1289
Let s be 1 - 6/((-6)/(-7)). Let t be (-2)/6 + (-632)/s. Let n = t - 55. List the prime factors of n.
2, 5
Suppose 4*b = -u + 214 + 157, 5*b - 730 = -2*u. List the prime factors of u.
5, 71
Let m = -252 + 936. What are the prime factors of m?
2, 3, 19
Suppose -426*m + 435*m = 10026. What are the prime factors of m?
2, 557
Suppose -7959 = -3*v - 4*n - 1806, -3*v + 6168 = -n. List the prime factors of v.
3, 5, 137
Suppose j - 138 = 5*h, -1 - 2 = h. Suppose -7*k + 4*c - 44 = -8*k, c = -2*k + j. What are the prime factors of k?
2
Let y be (-120)/(-9) + 12/18. Let f(t) = t**3 - 14*t**2 + 5*t + 1. List the prime factors of f(y).
71
Let d(q) = 144*q - 285. What are the prime factors of d(6)?
3, 193
Let c be 4/8*0 - -66. Suppose z + 2*z - c = 0. What are the prime factors of z?
2, 11
What are the prime factors of (16/(-8))/((-4)/498)?
3, 83
Let z = -516 - -906. List the prime factors of z.
2, 3, 5, 13
Suppose 4*q - 2670 = -6*q. List the prime factors of q.
3, 89
Let u(s) = -12 + 12*s - 2*s**2 + 25 + 0*s**2 - s**3. What are the prime factors of u(-7)?
2, 3, 29
Suppose 0 = a - 5*a + 2*c + 266, 5*a - 325 = 4*c. Let j = -3 + a. List the prime factors of j.
2, 3, 11
Let r be (57/(-152))/((-2)/16). Suppose -1910 = -7*h - r*h. What are the prime factors of h?
191
Let q = 1662 - 255. List the prime factors of q.
3, 7, 67
Let z be (-60)/(-16) + (-3)/(-12). Suppose -z*m + 87 = -81. List the prime factors of m.
2, 3, 7
Let q = -12 + 3. Let g be 6 + -6*(-6)/q. Suppose -z + 156 = g*z. List the prime factors of z.
2, 13
Let v = -3 + 3. Suppose -c - 5 - 31 = v. What are the prime factors of c/4*(-1)/3?
3
Suppose 2*n - 4359 = 40*i - 39*i, 4334 = 2*n + 4*i. List the prime factors of n.
7, 311
Suppose 3*w - 63 = -0*w. Suppose 2*n = 9 + w. List the prime factors of 186/4*10/n.
31
Let b = 274 - 115. What are the prime factors of b?
3, 53
Let v(k) = -k**3 - 2*k**2 + k - 4. List the prime factors of v(-5).
2, 3, 11
Suppose -4*w - 2*c = 0, 3*c = -0*c. Suppose 17 + 26 = -3*q + 4*n, w = 2*q + n + 14. What are the prime factors of (-2)/q - (-2512)/36?
2, 5, 7
